r of 12 and 82?
2
Calculate the greatest common divisor of 26 and 2405.
13
Calculate the highest common factor of 8 and 136.
8
What is the greatest common divisor of 22200 and 111?
111
What is the highest common factor of 300 and 135?
15
What is the greatest common divisor of 2944 and 32?
32
Calculate the greatest common factor of 528 and 24.
24
Calculate the greatest common factor of 320 and 100.
20
What is the highest common divisor of 64 and 8304?
16
What is the greatest common factor of 442 and 26?
26
Calculate the highest common factor of 1405 and 20.
5
What is the highest common factor of 55 and 2728?
11
Calculate the greatest common divisor of 2175 and 225.
75
What is the greatest common divisor of 715 and 110?
55
What is the greatest common factor of 14 and 11326?
14
What is the highest common factor of 1416 and 168?
24
What is the highest common divisor of 792 and 27?
9
Calculate the greatest common factor of 64 and 104.
8
Calculate the greatest common divisor of 80 and 240.
80
What is the highest common divisor of 10393 and 38?
19
What is the greatest common factor of 209 and 143?
11
What is the highest common divisor of 13 and 2600?
13
What is the highest common factor of 67 and 3953?
67
What is the highest common divisor of 96 and 144?
48
What is the highest common factor of 2560 and 5?
5
What is the highest common factor of 348 and 24?
12
Calculate the highest common divisor of 5840 and 50.
10
Calculate the greatest common factor of 9959 and 23.
23
What is the highest common divisor of 438 and 14673?
219
Calculate the greatest common factor of 16 and 26.
2
What is the greatest common divisor of 1152 and 18?
18
What is the greatest common divisor of 5368 and 11?
11
What is the greatest common factor of 275 and 225?
25
What is the highest common divisor of 345 and 30?
15
Calculate the greatest common factor of 104734 and 14.
14
Calculate the highest common divisor of 10 and 9720.
10
Calculate the greatest common divisor of 2408 and 86.
86
What is the highest common divisor of 609 and 273?
21
Calculate the greatest common factor of 60 and 312.
12
Calculate the greatest common divisor of 16909 and 148.
37
What is the highest common factor of 3 and 17?
1
What is the greatest common divisor of 10 and 265?
5
Calculate the highest common divisor of 12 and 1356.
12
What is the highest common factor of 36 and 486?
18
Calculate the greatest common divisor of 1302 and 56.
14
Calculate the highest common divisor of 10 and 7760.
10
What is the highest common divisor of 207 and 9?
9
Calculate the greatest common divisor of 623 and 945.
7
Calculate the highest common divisor of 805 and 140.
35
What is the highest common divisor of 40 and 62680?
40
Calculate the greatest common factor of 39 and 2613.
39
Calculate the highest common divisor of 2034 and 54.
18
Calculate the greatest common factor of 1922 and 62.
62
What is the highest common factor of 90 and 1872?
18
Calculate the highest common factor of 295 and 45.
5
What is the highest common factor of 4302 and 18?
18
What is the highest common factor of 1530 and 4335?
255
Calculate the greatest common divisor of 88 and 154.
22
What is the greatest common factor of 231 and 297?
33
Calculate the greatest common factor of 35 and 665.
35
What is the highest common divisor of 20 and 35?
5
Calculate the greatest common divisor of 65 and 2171.
13
What is the greatest common factor of 357 and 8109?
51
What is the highest common divisor of 4838 and 41?
41
Calculate the highest common divisor of 13 and 125.
1
What is the highest common divisor of 3222 and 54?
18
Calculate the greatest common factor of 847 and 33.
11
What is the highest common divisor of 280 and 945?
35
Calculate the greatest common divisor of 1224 and 72.
72
What is the greatest common factor of 108 and 8?
4
What is the highest common factor of 48 and 7824?
48
Calculate the highest common factor of 7 and 847.
7
Calculate the greatest common divisor of 3400 and 272.
136
What is the highest common factor of 1 and 1549?
1
Calculate the greatest common divisor of 42 and 280.
14
Calculate the greatest common factor of 408 and 51.
51
What is the highest common factor of 22 and 1397?
11
Calculate the greatest common factor of 27 and 63.
9
What is the greatest common divisor of 10 and 105?
5
Calculate the highest common divisor of 16485 and 105.
105
Calculate the greatest common divisor of 492 and 16.
4
Calculate the highest common factor of 88 and 5192.
88
What is the greatest common factor of 357 and 119?
119
What is the highest common divisor of 42 and 5250?
42
Calculate the greatest common factor of 35 and 5.
5
Calculate the highest common factor of 228 and 798.
114
Calculate the greatest common divisor of 1107 and 615.
123
What is the highest common divisor of 287 and 77?
7
What is the highest common factor of 125 and 1?
1
Calculate the highest common divisor of 50316 and 84.
84
Calculate the greatest common divisor of 214 and 321.
107
Calculate the highest common factor of 20 and 110.
10
What is the greatest common factor of 60 and 4160?
20
Calculate the highest common divisor of 404 and 10.
2
Calculate the greatest common factor of 2793 and 19.
19
What is the highest common factor of 3 and 11595?
3
What is the highest common divisor of 52 and 44?
4
What is the highest common divisor of 868 and 1364?
124
What is the highest common factor of 1353 and 231?
33
Calculate the greatest common factor of 12 and 1272.
12
Calculate the highest common divisor of 4 and 548.
4
Calculate the greatest common factor of 17424 and 90.
18
What is the highest common divisor of 720 and 9?
9
Calculate the highest common divisor of 1577 and 171.
19
What is the highest common factor of 83346 and 174?
174
Calculate the highest common factor of 58 and 1537.
29
What is the greatest common factor of 4 and 34?
2
Calculate the highest common factor of 2368 and 640.
64
What is the greatest common factor of 315 and 28?
7
Calculate the greatest common factor of 4 and 148.
4
What is the highest common divisor of 6 and 22?
2
What is the highest common divisor of 130 and 4368?
26
Calculate the greatest common divisor of 10 and 5770.
10
What is the greatest common factor of 15 and 20?
5
What is the greatest common factor of 3 and 192?
3
What is the highest common divisor of 68 and 36?
4
What is the highest common divisor of 192 and 12?
12
What is the highest common factor of 1161 and 135?
27
Calculate the greatest common divisor of 850 and 25.
25
Calculate the highest common divisor of 351 and 5304.
39
Calculate the highest common factor of 24 and 96.
24
What is the greatest common factor of 144 and 1056?
48
What is the greatest common factor of 108 and 486?
54
Calculate the highest common factor of 10 and 105.
5
What is the highest common divisor of 220 and 2255?
55
What is the greatest common divisor of 9 and 16146?
9
Calculate the highest common divisor of 168 and 6132.
84
What is the greatest common divisor of 270 and 585?
45
Calculate the greatest common divisor of 175 and 75.
25
Calculate the highest common factor of 184 and 8.
8
What is the greatest common divisor of 101 and 404?
101
Calculate the highest common divisor of 7742 and 98.
98
What is the highest common divisor of 116 and 203?
29
Calculate the highest common divisor of 910 and 50.
10
What is the highest common divisor of 58 and 1073?
29
What is the greatest common divisor of 49 and 17591?
49
What is the highest common divisor of 61 and 671?
61
What is the greatest common factor of 620 and 124?
124
Calculate the greatest common divisor of 2013 and 427.
61
Calculate the greatest common factor of 252 and 13188.
84
Calculate the highest common factor of 66 and 15.
3
What is the highest common divisor of 1 and 829?
1
What is the highest common factor of 306 and 1071?
153
Calculate the highest common factor of 475 and 25.
25
What is the greatest common divisor of 45 and 3595?
5
Calculate the greatest common divisor of 77 and 11.
11
What is the highest common divisor of 63 and 196?
7
Calculate the greatest common factor of 1242 and 378.
54
What is the highest common divisor of 69 and 1311?
69
What is the greatest common factor of 2 and 16?
2
Calculate the highest common factor of 52 and 325.
13
What is the gre